) to base 3.
122110220
What is -68 (base 9) in base 2?
-111110
Convert 244 (base 15) to base 14.
28a
Convert -2300132 (base 4) to base 9.
-16438
Convert 14 (base 10) to base 5.
24
Convert -350 (base 7) to base 3.
-20202
What is -1132 (base 4) in base 9?
-114
-4ce (base 16) to base 13
-738
What is -101011000110010 (base 2) in base 5?
-1201231
1c1 (base 16) to base 14
241
Convert 200211010 (base 3) to base 5.
414334
What is -2320 (base 4) in base 9?
-224
What is -8de (base 15) in base 3?
-2202102
-102663 (base 8) to base 14
-c68b
-22318 (base 13) to base 8
-171134
What is 162a (base 14) in base 2?
111101110110
Convert 6663 (base 7) to base 3.
10021210
What is 138 (base 13) in base 2?
11011000
Convert -107b5 (base 12) to base 16.
-5579
Convert 36199 (base 12) to base 10.
72837
-1110111 (base 2) to base 5
-434
-4011430 (base 5) to base 13
-22ac3
3440344 (base 5) to base 12
2ba46
26770 (base 10) to base 7
141022
What is 2145 (base 6) in base 13?
2c3
35434 (base 6) to base 10
5134
What is -14365 (base 7) in base 3?
-12102221
What is 10201 (base 4) in base 2?
100100001
What is -1252 (base 8) in base 10?
-682
What is -110020212 (base 3) in base 15?
-29a8
-526 (base 9) to base 5
-3204
6305 (base 7) to base 8
4242
1110110001011000 (base 2) to base 14
1809a
Convert 46a2 (base 12) to base 11.
5a30
1645 (base 7) to base 6
3034
c3d (base 16) to base 12
1991
Convert 1081 (base 9) to base 2.
1100100010
1b07c (base 13) to base 14
15379
Convert -1d38 (base 14) to base 6.
-40422
Convert -2021 (base 6) to base 3.
-121111
Convert 9770 (base 14) to base 6.
321050
-220221 (base 3) to base 16
-2a1
What is -260536 (base 8) in base 5?
-10343322
What is a12b (base 13) in base 14?
8120
Convert -729 (base 12) to base 6.
-4453
What is 4d48 (base 16) in base 14?
72d2
Convert -43387 (base 9) to base 3.
-1110102221
What is 89 (base 15) in base 5?
1004
-14049 (base 10) to base 14
-5197
Convert -31 (base 11) to base 9.
-37
What is -2003 (base 4) in base 8?
-203
What is 296b (base 13) in base 4?
1131310
Convert -4881 (base 13) to base 4.
-2200011
What is -120541 (base 7) in base 15?
-673d
Convert 2a (base 14) to base 3.
1102
What is 1111110 (base 2) in base 6?
330
What is -324100 (base 6) in base 8?
-64304
Convert 2026 (base 12) to base 11.
268a
What is -6af (base 16) in base 14?
-8a3
What is 5a5 (base 14) in base 11?
933
-10312 (base 5) to base 11
-593
What is a5 (base 14) in base 9?
171
What is -1301 (base 5) in base 15?
-d6
-ed4 (base 16) to base 8
-7324
-11120120 (base 3) to base 9
-4516
Convert 110323 (base 6) to base 10.
9195
-210002 (base 4) to base 11
-1807
Convert -1568 (base 13) to base 4.
-300320
What is -dd (base 14) in base 2?
-11000011
What is -2223 (base 4) in base 5?
-1141
-52580 (base 9) to base 11
-24112
Convert 12011120 (base 3) to base 2.
111010111000
-2702 (base 11) to base 5
-103021
What is -1000 (base 3) in base 15?
-1c
Convert 150200 (base 6) to base 15.
43a3
323 (base 6) to base 11
102
Convert 5c4 (base 13) to base 3.
1101020
Convert 43774 (base 8) to base 16.
47fc
What is 748 (base 13) in base 10?
1243
What is 77e (base 16) in base 3?
2122001
What is 395 (base 14) in base 8?
1317
-821 (base 14) to base 12
-b11
3714 (base 13) to base 14
2ba7
Convert -2aa (base 11) to base 6.
-1402
What is 4200 (base 5) in base 13?
334
-1241133 (base 6) to base 12
-331a9
What is 1555 (base 8) in base 10?
877
Convert 15a6 (base 12) to base 8.
5016
Convert -242 (base 15) to base 8.
-1000
-1a81 (base 11) to base 16
-a46
What is 1202212 (base 3) in base 13?
785
57ac (base 13) to base 14
46b4
Convert -1434002 (base 5) to base 6.
-353114
Convert 13874 (base 13) to base 3.
1212012112
What is -15116 (base 7) in base 15?
-1388
Convert -2031001 (base 4) to base 10.
-9025
3ca7 (base 14) to base 4
2213223
Convert -10169 (base 11) to base 16.
-39f5
What is 11e (base 15) in base 11?
211
What is 2220 (base 7) in base 5?
11143
229 (base 14) to base 8
655
What is 102 (base 12) in base 2?
10010010
-102043 (base 5) to base 14
-134a
-4260 (base 12) to base 16
-1c68
What is -533 (base 9) in base 4?
-12303
What is -1118 (base 12) in base 11?
-1470
Convert -7a2e (base 15) to base 16.
-653f
34123 (base 5) to base 12
1491
71b (base 14) to base 4
111311
Convert -11254 (base 7) to base 6.
-21201
-2100022 (base 3) to base 4
-122231
-5554 (base 6) to base 4
-110032
16226 (base 8) to base 4
1302112
346 (base 10) to base 6
1334
What is -11312323 (base 4) in base 13?
-abca
Convert -240a (base 14) to base 8.
-14212
What is 34880 (base 12) in base 2?
10001001011100000
What is 270 (base 9) in base 13?
144
Convert 1500 (base 8) to base 5.
11312
What is b5 (base 16) in base 8?
265
What is 10000110010000111 (base 2) in base 7?
404263
-162446 (base 8) to base 11
-4008a
What is -30211102 (base 4) in base 10?
-51538
Convert -851 (base 16) to base 5.
-32004
What is 53451 (base 6) in base 11?
553a
Convert -637 (base 11) to base 4.
-23332
-71 (base 8) to base 3
-2010
What is 65 (base 13) in base 7?
146
What is -303033 (base 4) in base 2?
-110011001111
-30121 (base 4) to base 13
-490
-4034101 (base 5) to base 13
-23705
What is -90a8 (base 12) in base 6?
-200332
Convert -4eb (base 15) to base 9.
-1475
5154 (base 6) to base 10
1150
2651 (base 16) to base 2
10011001010001
Convert 23112 (base 4) to base 9.
886
What is -34f2 (base 16) in base 4?
-3103302
185 (base 15) to base 10
350
-27b (base 13) to base 9
-538
What is -31102 (base 5) in base 6?
-13215
-121 (base 4) to base 14
-1b
-100476 (base 8) to base 5
-2024321
Convert 120 (base 5) to base 11.
32
-11111101 (base 3) to base 9
-4441
What is -111101010011 (base 2) in base 15?
-1268
What is 50432 (base 7) in base 6?
132332
-1000113 (base 4) to base 5
-112434
What is 4b5 (base 15) in base 9?
1418
Convert -14034 (base 5) to base 13.
-6a0
286 (base 16) to base 14
342
What is -1001100010111100 (base 2) in base 8?
-114274
Convert -11000 (base 3) to base 6.
-300
-4 (base 10) to base 11
-4
-188 (base 14) to base 12
-224
What is -101000011110 (base 2) in base 7?
-10360
8e72 (base 16) to base 11
25441
Convert -497 (base 14) to base 6.
-4125
Convert -1211212100 (base 3) to base 8.
-106777
Convert -13971 (base 13) to base 15.
-ad60
-122120 (base 3) to base 5
-3344
-430525 (base 6) to base 3
-1210021022
Convert 6201 (base 16) to base 13.
b55c
-1011101001110101 (base 2) to base 15
-e223
Convert 278 (base 11) to base 5.
2302
What is a438 (base 13) in base 3?
1011010111
-11003 (base 4) to base 10
-323
-30070 (base 9) to base 12
-b516
78b9 (base 12) to base 7
54015
Convert 1011021 (base 3) to base 16.
34c
What is 131 (base 11) in base 12?
10b
What is 1035 (base 8) in base 11?
452
What is -11414 (base 5) in base 14?
-455
What is -1014211 (base 6) in base 2?
-1011111011111111
Convert 617 (base 13) to base 11.
860
What is 32312 (base 6) in base 14?
188c
What is 6065 (base 8) in base 12?
1985
-1475 (base 8) to base 9
-1121
What is -6fe (base 16) in base 12?
-1052
Convert 625 (base 12) to base 10.
893
11341 (base 7) to base 8
5550
1216a (base 11) to base 7
102010
Convert 33113 (base 8) to base 14.
50cb
What is -1ab (base 16) in base 2?
-110101011
Convert 10104 (base 6) to base 15.
5e1
-853b (base 12) to base 2
-11100011111111
Convert -104152 (base 6) to base 16.
-2204
Convert 42 (base 13) to base 12.
46
-10303 (base 6) to base 3
-1221010
Convert -55732 (base 10) to base 4.
-31212310
-44223 (base 9) to base 5
-1414333
Convert -1223 (base 10) to base 7.
-3365
-21f (base 16) to base 3
-202010
4367 (base 8) to base 11
17a7
Convert 63 (base 8) to base 5.
201
Convert 13144 (base 5) to base 9.
1385
Convert 503 (base 7) to base 14.
13a
Convert 11050 (base 6) to base 9.
2103
Convert 182 (base 13) to base 15.
135
-a7 (base 15) to base 3
-12211
What is -1220231 (base 4) in base 16?
-1a2d
355 (base 9) to base 11
247
What is -15436 (base 9) in base 14?
-3bc7
What is -779 (base 13) in base 7?
-3512
23224 (base 7) to base 13
2926
2982 (base 11) to base 15
1211
Convert 8ad (base 14) to base 5.
23341
What is -3132231 (base 4) in base 10?
-14253
460 (base 9) to base 10
378
Convert 38715 (base 9) to base 16.
65f0
Convert 71405 (base 9) to base 16.
b789
-6fe2 (base 16) to base 3
-1110021211
1192 (base 12) to base 15
8c2
What is -32616 (base 7) in base 14?
-2db6
-1013113 (base 4) to base 6
-33051
Convert 